Let h be 1 - (0 - (-3)/3). Let i(m) be the second derivative of -2*m + 0*m**2 + h + 0*m**3 - 5/12*m**4. Calculate i(-1).
-5
Let l(m) = 6*m**2 - 1. Suppose -2*n + 2 = 2*a, 4 + 0 = 4*a - 4*n. Determine l(a).
5
Suppose -13 + 3 = -5*w. Suppose -n - w - 2 = 0. Let t(a) = -9*a**2 - 17*a - 11. Let m(k) = -4*k**2 - 8*k - 5. Let i(l) = 7*m(l) - 3*t(l). What is i(n)?
2
Suppose -8 = 2*c + 4. Let v be (-154)/(-33)*c/(-7). Let y(k) = -k**3 + 3*k**2 + 3*k - 2. Give y(v).
-6
Let r(f) be the third derivative of 1/6*f**3 - 1/30*f**5 + 0 + 0*f + 0*f**4 + f**2 + 1/120*f**6. Give r(-1).
-2
Let t(o) = 2*o + 1. Suppose -1 = -4*m - 21. Give t(m).
-9
Suppose -2*i = -7*i - 25. Suppose -q + 5*x + 14 = x, 2*x = 2*q - 10. Let m(b) = -2 - 4*b**2 + 3*b**q - 4*b - 2 - 2*b. What is m(i)?
1
Suppose -2*o + 5 = 3. Let k(z) = 5*z + 1. Determine k(o).
6
Let i(q) = 3*q + 8. Let s(k) = 1. Let t(c) = -i(c) + 4*s(c). Let r be 16/(-5) + (-2)/(-10). Calculate t(r).
5
Let c(n) = -4*n + 5. Let u(a) = -5*a + 5. Let v(d) = 4*c(d) - 3*u(d). Give v(-4).
9
Suppose 26 = -j + 29. Let m(g) = -3*g + g**2 - 4*g**2 + g**3 - g. Determine m(j).
-12
Let u(j) = j**2 - 6*j + 5. Suppose -5*p + 3*n + 15 = n, -5*p + 40 = 3*n. Determine u(p).
0
Suppose -28 = -4*z - 8. Let v(j) be the first derivative of j**2/2 - 7*j - 21. Determine v(z).
-2
Let s(o) = -3*o - 20. Let q be s(-6). Let b(h) = 3*h + 2. Give b(q).
-4
Let a(j) = -13*j**2 + 2*j - 1. Let o(w) = -66*w**2 + 10*w - 6. Let u(b) = 11*a(b) - 2*o(b). Determine u(-1).
-12
Suppose 4*l + l - 30 = 0. Let z = -4 - -4. Let d(b) = 3*b + 1 - l + 6*b**2 + b**3 + z*b**3. Calculate d(-5).
5
Let b = -1 + 3. Suppose 8 = 7*d - 3*d. Let z(x) = 2 + d*x + 0*x**2 - 3*x**2 - b*x**2 - x**3 - x. Give z(-5).
-3
Let r(b) be the first derivative of 3*b**2/2 + 2*b + 3. What is r(-5)?
-13
Let d(x) = 11*x - 11 - 100*x**2 + 99*x**2 + 3. Give d(10).
2
Let z(g) = -16*g**3 + 36*g**2 - 16*g - 36. Let h(n) = 3*n**3 - 7*n**2 + 3*n + 7. Let a(r) = 11*h(r) + 2*z(r). Give a(4).
-7
Let s(n) = -n + 1. Let k be s(6). Let p(f) = -2*f**2 + 3*f + 9. Let l(a) = a**2 - 2*a - 5. Let v(y) = k*l(y) - 3*p(y). Suppose 0*b - 3 = b. Determine v(b).
4
Let t(m) = 3*m - 2. Let f(s) = -s - 1. Let l(o) = -4*f(o) - t(o). What is l(-5)?
1
Let g(h) be the first derivative of h**3/3 + h**2/2 - 4*h - 23. What is g(-3)?
2
Let p(l) be the first derivative of -l**2/2 + 50. Give p(5).
-5
Suppose -5 = -b + 3*h, 5*b + 4*h = 2*b - 11. Let w(c) = -29*c - 1. What is w(b)?
28
Suppose 2*i = 3*d - 8 - 17, d = -3*i - 10. Suppose 2*p + 12 = -r, -2*p - 18 = -3*r + d*r. Let q = -11 - r. Let x(m) = 2*m + 3. Give x(q).
-7
Let a = -39179/60 - -653. Let x(i) be the third derivative of 0*i + 1/2*i**3 - 5/24*i**4 - 4*i**2 + a*i**5 + 0. What is x(2)?
-3
Let v be (32/20)/((-2)/5). Let i(f) = f**3 + 3*f**2 - 3*f + 5. What is i(v)?
1
Let m(d) = 2*d**3 - 9*d**2 - 7*d + 3. Let h be m(5). Let v(p) = -p**3 - 7*p**2 + p - 3. What is v(h)?
-10
Let q be (-4)/(-56)*-4*-7. Let u(g) = -5 - 2*g + q*g - g. What is u(4)?
-9
Let q(n) be the third derivative of n**6/120 + n**5/15 + n**4/12 + n**3/6 + 14*n**2. Determine q(-3).
4
Let i(s) = -s - 4. Suppose -6*m + 4*u + 64 = -m, -2*m = 4*u - 48. Suppose x - 2*x = -4*y + m, -5*x = -4*y + 16. Calculate i(x).
-4
Let l(p) be the first derivative of p**4/4 + p**3/3 + p**2/2 - p - 6. What is l(-2)?
-7
Suppose 6*z = 37 - 7. Let t(b) = -b**2 + 6*b - 3. What is t(z)?
2
Let c(w) = -w**3 - w**2. Let h(x) = 2*x**3 + 5*x**2 - x. Let d(s) = -6*c(s) - 2*h(s). Calculate d(2).
4
Let g(b) = -b**2 + 4. Let z = -5 - -9. What is g(z)?
-12
Let z(k) = -10*k + 1. Let o be z(1). Let c = 2 - o. Suppose -4*v + 3*x = c, v + 2*v + 4*x + 2 = 0. Let i(n) = n**2. What is i(v)?
4
Let u(i) = -11*i. Suppose 10*c - 35 = -4*b + 5*c, -4*b + 3*c = -11. Suppose 0 = -q - q + 5*v + 12, -3*v - 1 = b*q. Calculate u(q).
-11
Let s(i) = -63*i + 2*i**2 - i**3 + 65*i - 5*i**2. What is s(-3)?
-6
Let i(w) = 3*w + 8. Let c be i(-9). Let t = c - -13. Let a(u) = u**2 + 5*u - 3. Determine a(t).
3
Let g(r) = -r - 8. Let q = 9 - -7. Suppose 2*u = -2*u - q. Determine g(u).
-4
Let q(l) = -24*l**3 + 20*l + 10. Let d(x) = -x**3 + 2*x + 1. Let h(o) = 10*d(o) - q(o). Give h(-1).
-14
Let l(p) = 344*p - 3 - 342*p - p**2 + 4. Give l(2).
1
Suppose g - 4 = 4. Let q be (-4)/(-6) - g/12. Suppose q*j = 4*j. Let i(m) = m**2 + m - 6. What is i(j)?
-6
Let m(p) = -p**3 + p**2 + 4*p - 1. Let o(n) = -2*n + 5. Let g(c) = -2*c + 5. Let v(j) = 6*g(j) - 7*o(j). Let f be v(4). Determine m(f).
-7
Let q(k) = 2*k. Suppose -5*c + 3*s + 24 = -3*c, 3*c - 26 = 2*s. Give q(c).
12
Suppose 0 = 3*m - 9*m + 24. Let x(d) = d**3 - 5*d**2 + 3*d - 3. Calculate x(m).
-7
Let a(q) be the third derivative of 13*q**4/24 + q**3/6 - 10*q**2. Calculate a(1).
14
Let f(u) = -u**2 - 3*u + 5. Let t(o) = o**2 + 9*o - 14. Let x = 161 - 111. Suppose -20 = -3*s - x. Let a be t(s). Determine f(a).
1
Let c(s) be the first derivative of 2*s**3/3 + 37. Suppose -5*a - 3*k - 5 = 0, a - k + 2 = -a. Let w = a - 0. Calculate c(w).
2
Let u(f) = -f. Let a(h) = -2*h - 2. Let v(b) = -a(b) + 3*u(b). Let i be (-2 - 3)*42/35. Give v(i).
8
Let p(v) = v + 2. Suppose 40*i + 8 = 42*i. Give p(i).
6
Let b(a) = -a**2 + 8*a. Let k(p) = -2*p**2 + 15*p. Let l(z) = -5*b(z) + 2*k(z). What is l(9)?
-9
Let l(h) = 3*h**3 - 15*h**2 - 6*h - 5. Let b(j) = 2*j**3 - 14*j**2 - 7*j - 4. Let v(w) = -4*b(w) + 3*l(w). Give v(-10).
1
Let o be 4/6*3 - -1. Let m(h) = -9*h - 9. Let b(i) = -2*i - 1. Let p(q) = -6*b(q) + m(q). Give p(o).
6
Let h(o) be the first derivative of o**2/2 - 2*o - 3. Give h(4).
2
Let i(v) = -v + 5*v - 5*v + 2*v - 1. Give i(2).
1
Let d(w) = 15*w - 21. Let a(v) = -3*v + 4. Let u(k) = 11*a(k) + 2*d(k). Suppose -10 = -5*b - 5*z, 5*z = -3*b + b + 7. Let f = 1 + b. Give u(f).
-4
Let s be ((-12)/4)/(3/8). Let w(v) = v**3 + 8*v**2 - 2*v - 9. Calculate w(s).
7
Let m(u) = u**2 - 7*u + 6. Let q(d) = d**2 + 6*d - 1. Let b be q(-7). Give m(b).
0
Let x(w) = w**3 - 1. Let g(c) = 5 - 4*c + 1 + c**2 - 8 - c. Let f be g(5). What is x(f)?
-9
Let g(d) = 6*d. Suppose 0*w - 14 = 2*w. Let m = 10 + w. Suppose -5*k - 2 - m = 0. What is g(k)?
-6
Let y = 151 - 157. Let c(p) = p**3 + 7*p**2 + 8*p - 5. What is c(y)?
-17
Let y(j) be the first derivative of -2*j**3 + 10. Suppose 4*r = -0*r - 4. Determine y(r).
-6
Suppose 3*x + 3*u - 3 = 2*x, 2*x + 4 = -u. Let w(g) = 9*g + 9. Let j(y) = -13*y - 13. Let r(s) = 5*j(s) + 7*w(s). Give r(x).
4
Let x(f) = -f - 12. Let z be x(-9). Let j(w) = w**2 - 3. Calculate j(z).
6
Suppose -4*l = 4*c - 8, c - 8 = -2*l - 0*l. Let k = 9 - l. Let s(t) = 4*t**2 - k*t**2 - 3 + 4*t - 3*t**2 + 0*t**2. What is s(2)?
-3
Suppose -4*r - 2 = -6. Let m(u) = r + 2*u**3 + 2*u + 5*u**2 - 2 - u**2. Give m(-2).
-5
Let h(l) be the first derivative of 5*l + 8 - 1/2*l**2. Determine h(5).
0
Let o(p) = p + 9. Let q be o(-3). Let x be q/(-4) + (-6)/(-12). Let f(r) = 5*r + 1. What is f(x)?
-4
Suppose -k + 5*k - 12 = 0. Let u(m) = m**3 - 4*m**2 + 2*m + 2. Let s be u(k). Let v(y) = -3*y**3 + y**2 - 1. Give v(s).
3
Let s(c) = c**3 - 5*c**2 + 7*c - 4. Let l(g) = -g**2 - 2 + 3*g + 4*g + g. Let p be l(8). Let a be (-1)/(-2)*p*-4. Give s(a).
8
Let r(g) = g**2 + 6*g + 6. Let h(a) = 5*a + 1 - 4*a + 7*a. Let s be h(1). Let y = 5 - s. What is r(y)?
-2
Let s(b) = 2*b + 3. Let w(q) = -q**3 + 7*q**2 - 4. Let k be w(7). Give s(k).
-5
Let u be 1*(-2 - 0/(-1)). Let n(o) = -o**3 + 8*o**2 - o. Let d(p) = p**3 - 9*p**2. Let y(q) = u*d(q) - 3*n(q). What is y(5)?
-10
Suppose -5*o - 20 = 4*v + 1, 3*o + 10 = -5*v. Let p be (3 + (-1 - 1))*v. Let c(d) = 5*d**2 + d - 1. Give c(p).
5
Let a(v) be the third derivative of v**6/120 - v**5/10 - v**4/12 + 4*v**3/3 - 2*v**2. What is a(6)?
-4
Let x(k) = -k**3 + 7*k**2 - 6*k + 6. Let c be x(6). Suppose 3*y + c + 0 = 0. Let i(a) be the third derivative of -a**5/60 + a**4/24 + a**2. What is i(y)?
-6
Let z(o) be the third derivative of o**6/360 + o**5/20 - o**4/4 - o**3/2 - 4*o**2. Let i(b) be the first derivative of z(b). What is i(-5)?
-11
Let u(c) = -c**2 + 5*c - 7. Let i(m) = -2 + 0 + 1. Let o(j) = 4*i(j) - u(j). Determine o(4).
-1
Let r(i) = 7*i**3 + 5*i**2 - i - 7. Suppose -5 = -5*m, -22 = 3*l + m - 5. Let y(p) = p**3 - p - 1. Let n(f) = l*y(f) + r(f). Determine n(-4).
-5
Let n(m) = m**3 + 5*m**2 - 7*m - 9. Let b be n(-6). Let x(q) = -q**3 - 2*q*